{"id":2,"date":"2011-12-28T11:59:57","date_gmt":"2011-12-28T11:59:57","guid":{"rendered":"http:\/\/blog.monavino.de\/wordpress\/?page_id=2"},"modified":"2020-02-21T17:14:46","modified_gmt":"2020-02-21T17:14:46","slug":"beispiel-seite","status":"publish","type":"page","link":"http:\/\/blog.monavino.de\/wordpress\/","title":{"rendered":"\u00dcber uns"},"content":{"rendered":"<p>Welcher Wein zu welcher Speise? Wie kann ich meinen Keller best\u00fccken, um f\u00fcr die n\u00e4chsten Einladungen gewappnet zu sein? Mit welchem Wein kann ich auch mal ganz ohne Speisenbegleitung einfach so ins Philosophieren kommen?<\/p>\n<p>Kulinarische Weinproben zur Vermittlung der Wein- und Esskultur, das ist der Beitrag von monavino, um einige Antworten auf diese Fragen zu finden. Die Weinproben sind\u00a0eine private Einladung, K\u00fcche und Weine von monavino kennen zu lernen und die Umlage richtet sich nach dem Umfang des Men\u00fcs sowie den verkosteten Weinen. Immer dabei sind Mona&#8217;s selbstgebackenes Baguette, Tafelwasser sowie Espresso und\/oder eine sch\u00f6ne Grappa danach.<\/p>\n<p>Die verkosteten Weine k\u00f6nnen dann auch im Anschluss bei monavino gekauft werden. Ausnahmen k\u00f6nnen die schon l\u00e4nger gereiften Jahrg\u00e4nge bilden, die im Rahmen von &#8222;Altweinverkostungen&#8220; oder auch einer vertikalen Weinprobe zur Verkostung kommen. Hier h\u00e4ngt das nat\u00fcrlich von dem entsprechenden Restbestand ab.<\/p>\n<p>So hat sich zwischenzeitlich eine sch\u00f6ne Stammkundschaft aufgebaut und zur Erweiterung dieser Stammkundschaft sind die\u00a0Weine jetzt auch in dem<a title=\"monavino-eBay-Shop\" href=\"http:\/\/www.ebay.de\/usr\/monavino?_trksid=p2047675.l2559\" target=\"_blank\" rel=\"noopener noreferrer\"> monavino-eBay-Shop<\/a> erh\u00e4ltlich. Und f\u00fcr alle, die die Weine noch nicht in dem Kontext der dazu passenden Speisen bei monavino verkosten konnten, werden die Informationen zur geeigneten Paarung der Weine mit Speisen genau hier \u00fcber\u00a0den monavino-Blog zug\u00e4nglich gemacht.<\/p>\n<p>Falls Sie Interesse an einem der beschriebenen Weine haben und dieser gerade nicht im eBay-Shop angeboten wird, dann k\u00f6nnen Sie uns gern auch einfach eine Email senden (Adresse siehe Impressum).<\/p>\n","protected":false},"excerpt":{"rendered":"<p>Welcher Wein zu welcher Speise? Wie kann ich meinen Keller best\u00fccken, um f\u00fcr die n\u00e4chsten Einladungen gewappnet zu sein? Mit welchem Wein kann ich auch mal ganz ohne Speisenbegleitung einfach so ins Philosophieren kommen? Kulinarische Weinproben zur Vermittlung der Wein- &hellip; <a href=\"http:\/\/blog.monavino.de\/wordpress\/\">Weiterlesen <span class=\"meta-nav\">&rarr;<\/span><\/a><\/p>\n","protected":false},"author":1,"featured_media":0,"parent":0,"menu_order":0,"comment_status":"open","ping_status":"open","template":"","meta":[],"_links":{"self":[{"href":"http:\/\/blog.monavino.de\/wordpress\/index.php?rest_route=\/wp\/v2\/pages\/2"}],"collection":[{"href":"http:\/\/blog.monavino.de\/wordpress\/index.php?rest_route=\/wp\/v2\/pages"}],"about":[{"href":"http:\/\/blog.monavino.de\/wordpress\/index.php?rest_route=\/wp\/v2\/types\/page"}],"author":[{"embeddable":true,"href":"http:\/\/blog.monavino.de\/wordpress\/index.php?rest_route=\/wp\/v2\/users\/1"}],"replies":[{"embeddable":true,"href":"http:\/\/blog.monavino.de\/wordpress\/index.php?rest_route=%2Fwp%2Fv2%2Fcomments&post=2"}],"version-history":[{"count":8,"href":"http:\/\/blog.monavino.de\/wordpress\/index.php?rest_route=\/wp\/v2\/pages\/2\/revisions"}],"predecessor-version":[{"id":209,"href":"http:\/\/blog.monavino.de\/wordpress\/index.php?rest_route=\/wp\/v2\/pages\/2\/revisions\/209"}],"wp:attachment":[{"href":"http:\/\/blog.monavino.de\/wordpress\/index.php?rest_route=%2Fwp%2Fv2%2Fmedia&parent=2"}],"curies":[{"name":"wp","href":"https:\/\/api.w.org\/{rel}","templated":true}]}}